4*s**2 + 17*s + 5. Let j(k) = 2*d(k) + 5*u(k). Let w be j(-4). Suppose -37 - w = -r. List the prime factors of r.
2, 41
Suppose -5*n = -29 + 14. Suppose -391 + 100 = -u - 5*k, -315 = -u + n*k. List the prime factors of u.
2, 3, 17
Suppose -188992 = 11*f - 555435. What are the prime factors of f?
7, 4759
Let k = 8327 - -2209. List the prime factors of k.
2, 3, 439
Let h(x) be the first derivative of x**3 - x**2 + 3*x - 1. Let r(l) = -123*l - 251. Let s be r(-2). List the prime factors of h(s).
2, 11
Let d be -3 - -139 - (7 - -1). Let o = d + 560. What are the prime factors of o?
2, 43
Suppose -322352 = -17*q - 13*q - 1862. What are the prime factors of q?
3, 1187
Let v = 1001 + -680. Suppose h - v = 4*h. Let f = h + 176. What are the prime factors of f?
3, 23
Let s(c) = -c**3 + 10*c**2 - 7*c - 15. Let m be s(9). Suppose -m*l - 172 = -6*l - 4*d, 4*l = 2*d + 244. Let x = l - 40. What are the prime factors of x?
2, 5
Let m(z) = -z**2 - 4*z - 5. Let v be m(-9). Let t = 52 + v. Suppose 14 = a - t*i + 6*i, -4*a - 2*i = -28. List the prime factors of a.
2, 3
Let g(j) = -5*j**2 + 20*j - 117. Let b be g(7). Let v = b - -952. List the prime factors of v.
2, 5, 73
Let k be 3 + (24336/22 - (-6)/(-33)). Let t = k - 616. Suppose 0 = -4*h + 5*n + t, -257 = -2*h - n - 0*n. List the prime factors of h.
127
Suppose -r = 4*h - 31596, -7246 = -h - 4*r + 623. What are the prime factors of h?
7901
Suppose -72 = 6*h - 24. Let a be (56/3)/h*-6. List the prime factors of (-2)/(-2) + (a - 2).
13
Suppose -4*j + 2*q + 11682 - 1308 = 0, -4*j + 10359 = 3*q. What are the prime factors of j?
2, 3
Suppose 0 = -12*z + 801 + 327. Let c = -11 - -13. Suppose -c*a + p = -53, 46 = 5*a - 4*p - z. List the prime factors of a.
2, 3
Suppose -r + 5*q = -11504, 17*r + 2*q = 22*r - 57589. What are the prime factors of r?
11519
Let y be 24/(-12)*(0 + -1). Suppose -g + 7 = y*q, 4*q + 4*g - 10 = 10. List the prime factors of q.
2
Let z = 222 - 252. Let p(s) = -20*s - 110. What are the prime factors of p(z)?
2, 5, 7
Let l = 59901 + -34381. List the prime factors of l.
2, 5, 11, 29
Suppose 22*r = 21*r - 510. Let h = -63 - r. List the prime factors of h.
3, 149
Let s be ((-1)/(-3))/((-1)/(-517))*3. Let x = -341 + s. What are the prime factors of x?
2, 11
Let z = -1768 + 2848. What are the prime factors of z?
2, 3, 5
Let p(r) = 2*r**3 - 35*r**2 - 10*r + 91. What are the prime factors of p(27)?
2, 1709
Let o be -1 - (-356 - 1 - (-4 - -2)). Suppose o = n + 102. Suppose 24 + n = 2*i. What are the prime factors of i?
2, 3, 23
Let k = 9828 + -3741. What are the prime factors of k?
3, 2029
Let q(h) = 424*h - 75. Let d be q(-4). Let n = d - -2543. What are the prime factors of n?
2, 193
Let v = 14232 - -3985. What are the prime factors of v?
18217
Let j(x) = x**3 + 13*x**2 - 52*x + 54. Let v be j(-16). Suppose -c = 4*c + 3*u - 282, -3*c - 2*u + 169 = 0. Let g = v - c. List the prime factors of g.
61
Let g(v) be the first derivative of 5*v**2 + 33*v - 48. List the prime factors of g(36).
3, 131
Let b = -5 - 88. Let t = b - -108. Suppose 0 = 5*w + t, h - 44 = -w + 3. What are the prime factors of h?
2, 5
Let c = 33467 - -3232. What are the prime factors of c?
3, 13, 941
Let h = 208 + -190. Let w(z) = 4*z**2 - 27*z + 239. What are the prime factors of w(h)?
1049
Let y(r) = -111*r**3 - 14*r**2 + 2*r + 45. Let l be y(-5). Suppose -17335 - l = -37*m. What are the prime factors of m?
5, 167
Let l(c) = -c**3 - c**2 + 2*c - 7. Let v be l(-3). Suppose 10*o - v*o = 2555. List the prime factors of o.
7, 73
Let z = 50 - 56. Let g be (-10)/(-6)*(-2)/4*z. List the prime factors of 125 + g - (-3 + -3 + 5).
131
Let q(a) = -a + 12. Let c be q(-23). Suppose 0 = -9*d + 19 + c. Suppose -2*v + d*v - 620 = 0. What are the prime factors of v?
5, 31
Let g(w) be the third derivative of w**6/120 + 3*w**5/20 + 13*w**4/24 + 4*w**3 + 27*w**2. What are the prime factors of g(-5)?
59
Suppose -2*l - 3*l = 10. Let j(h) = -52*h - 7. Let c(z) = 157*z + 17. Let w(u) = -3*c(u) - 8*j(u). List the prime factors of w(l).
5, 23
Let j(b) = b**3 + b**2 - 3*b - 2. Let t be j(-2). Let c(n) = -190*n + 63 - 189*n + 566*n - 185*n + 12. List the prime factors of c(t).
3, 5
Let k be (-15)/(-6)*-18*(-145)/75. Suppose -1788 = -91*a + k*a. What are the prime factors of a?
3, 149
Suppose -24*y + 10*y - 18530 = -19*y. What are the prime factors of y?
2, 17, 109
Let k(a) be the first derivative of a**3/3 + 2*a**2 + 26*a + 21. Let s be k(-8). Suppose -s - 60 = -i. What are the prime factors of i?
2, 59
Suppose -7*j = 3*j - 5*j. Suppose 50 = 3*q - 2*t, j*q - 3*t = -2*q + 40. What are the prime factors of 1658/q - 6*(-3)/(-42)?
2, 59
Let r be 1/4 + 0 + 46/8. Let i = r - -154. Suppose i = 35*c - 34*c. What are the prime factors of c?
2, 5
Suppose 32*c - 175236 - 36956 = 0. What are the prime factors of c?
19, 349
Let n be ((-30)/4)/((-48)/32). Suppose 3*f - 830 = -4*s, -n*s = -33 + 8. What are the prime factors of f?
2, 3, 5
Let v(c) = 596*c**2 + 123*c - 118. List the prime factors of v(8).
2, 5, 47, 83
Suppose 3*d = -3*m + 5832, 3*d - m = 8933 - 3117. Suppose 0*g + 3*w + d = 5*g, 5*g = w + 1940. What are the prime factors of g?
2, 97
Let u(k) = -5478*k + 3640. List the prime factors of u(-4).
2, 1597
Let d = -100 - -102. Suppose 0 = 2*q - x - 7, -x - 5 = -d. List the prime factors of ((-32)/(-72))/q + 1042/9.
2, 29
Suppose 0 = x + 2 - 10. Suppose 524 = -x*o + 1812. What are the prime factors of o?
7, 23
Let i(o) = -2*o**3 - 5*o + 4 - 14*o**2 - 11 + 15*o**2 - 2. List the prime factors of i(-3).
3, 23
Let z be 10 - (7 + (2 - 4)). Suppose -h - 91 + 383 = -3*j, -z*h - 3*j = -1388. List the prime factors of h.
2, 5, 7
Let d be -1 + -8*68/8. Let b = 128 + d. What are the prime factors of b?
59
Let z(d) = 2*d**2 + 15*d - 95. Let u(c) = 10*c - 60. Let j be u(4). What are the prime factors of z(j)?
3, 5
Let g(z) = 11*z**3 + 16*z**2 + 63*z - 1338. List the prime factors of g(16).
2, 3, 79, 103
Suppose -4*c + 4 = 0, 4*h + 3*c - 19 = 4*c. Let z = -7 - h. What are the prime factors of ((-183)/z)/(((-15)/(-12))/5)?
61
Let k(y) = y**3 - 6*y**2 + 11*y + 2. Let d be k(3). List the prime factors of (-2)/d - 71214/(-88).
809
Let k = -47 - -14. Let f = k + -17. List the prime factors of f/(-3)*39/26.
5
Suppose -6*c + 164 - 146 = 0. List the prime factors of 1266 - (-2 + c + 4).
13, 97
Let o be (-1)/((-28)/8) + 598/14. Let n = o - 40. Suppose 0 = n*y - 16 + 1. List the prime factors of y.
5
Let v(f) = 41*f + 1709. List the prime factors of v(7).
2, 499
Let i = 1645 + 2305. What are the prime factors of i?
2, 5, 79
Let z(p) = 36*p**2 - 57. Let j be z(-6). Suppose -b - 6*b + j = 0. List the prime factors of b.
3, 59
Let k(m) = m**3 + 4*m**2 - 12*m - 53. Let n be k(-5). What are the prime factors of (64/18*3)/((-1)/n)?
2, 3
Let z(j) = 11 + 164*j - 160*j - 1. Let m be z(-3). Let v = 13 + m. List the prime factors of v.
11
Let s(r) = -r**2 + r + 2. Let u be s(2). Let n be ((-18360)/(-165))/24 + 4/11. Suppose 0 = -a + n*g + 100, -5*g = -5*a - u*g + 480. List the prime factors of a.
5, 19
Let m(r) = 12*r**2 + 2*r + 5. Let y = 126 + -119. Let d be m(y). Suppose -s - k = -246, -115 = 2*s - 3*k - d. List the prime factors of s.
2, 3, 41
Let u = 14 + -11. Suppose u*q + 2413 = 4*o, -7*q + 2*q + 3060 = 5*o. Suppose 3*a + 2*m - o = 0, -m = -a - 0*a + 194. List the prime factors of a.
199
Let m(r) = 42*r - 125. Let l be m(3). What are the prime factors of 334 + 24 - (-1 + l)?
2, 179
Let w = 155 - 34. Let z = 141 - w. What are the prime factors of z?
2, 5
Suppose 0 = 3*n - 2*i - 39671, 10887 = n + 3*i - 2355. List the prime factors of n.
3, 4409
Let d be (-165)/66*((0 - 0) + -2). Suppose 2593 = 5*o - 4*g - 577, d*o - 3170 = -3*g. What are the prime factors of o?
2, 317
Suppose -5*l - 31 = 2*r - 8, 3*r + 4*l = -24. Suppose 2*j - 21 = -3*w, -2*j - 14*w + 16*w = -16. List the prime factors of 36/(39/j + r).
2, 3
Let h(q) be the first derivative of -q**3/3 - 5*q**2 + 27*q - 5. Let u be h(-12). Suppose u*z - 245 = -5*g, 4*z = 3*z + 5*g + 95. List the prime factors of z.
5, 17
Let d(w) = -50*w**3 - 3*w - 2. Let s be 1/(-2*4/16*2). Let c be d(s). Suppose a - c = 2*l, 2*a - 2*l - 69 = 43. List the prime factors of a.
61
Suppose -20*l - 9 = -19*l. Let p be (708/l)/((-2)/(-12)). What are the prime facto